 common factor of 103197780 and 1170.
90
Calculate the highest common factor of 45375 and 20576050.
3025
Calculate the greatest common factor of 974979 and 140081.
127
What is the highest common divisor of 1813441060 and 3140?
3140
What is the highest common divisor of 3657478 and 249?
83
What is the highest common factor of 54675 and 389475?
675
What is the greatest common divisor of 304243 and 1068581?
829
Calculate the highest common factor of 4114 and 946594.
374
What is the greatest common divisor of 8739373 and 4121?
317
What is the highest common divisor of 3449 and 104190841?
3449
What is the greatest common divisor of 40548 and 730736?
436
Calculate the greatest common factor of 4565 and 14670997.
913
Calculate the greatest common divisor of 24 and 21500728.
8
Calculate the highest common factor of 54050 and 225130.
470
What is the greatest common divisor of 9 and 75844674?
9
Calculate the highest common divisor of 60 and 21236730.
30
Calculate the greatest common factor of 76 and 844752.
4
Calculate the greatest common divisor of 2241 and 4409964.
27
Calculate the greatest common factor of 21 and 2993431.
7
Calculate the greatest common divisor of 672 and 2400160.
224
What is the highest common factor of 72971 and 166306?
1697
What is the greatest common factor of 274295193 and 159?
159
What is the greatest common factor of 34 and 161374?
2
Calculate the greatest common divisor of 874 and 9461696.
38
Calculate the greatest common factor of 1524566 and 73023.
241
Calculate the highest common factor of 845 and 295685.
65
Calculate the highest common factor of 116328 and 61701.
393
Calculate the highest common divisor of 262711152 and 13248.
3312
Calculate the highest common divisor of 52326585 and 522.
261
What is the highest common factor of 2436395 and 2041?
13
Calculate the greatest common divisor of 35975654 and 104.
26
What is the greatest common factor of 175720 and 141840?
40
What is the greatest common divisor of 1100870000 and 3112?
3112
What is the greatest common factor of 62 and 718744052?
62
Calculate the greatest common factor of 40963 and 2052037.
299
What is the greatest common factor of 14 and 1226834?
14
What is the greatest common factor of 25957390 and 1370?
1370
Calculate the highest common factor of 434 and 16999997.
217
What is the greatest common divisor of 330 and 2288616?
66
Calculate the highest common divisor of 7616080 and 1370480.
2960
Calculate the greatest common factor of 28 and 655011014.
14
What is the greatest common factor of 374718 and 26372?
38
Calculate the highest common divisor of 7944045 and 75.
15
Calculate the greatest common factor of 3277 and 960952.
113
Calculate the highest common divisor of 563584 and 1161440.
3808
What is the greatest common factor of 18536 and 9586?
2
What is the greatest common factor of 130 and 65273280?
10
What is the greatest common divisor of 184143018 and 366?
366
What is the highest common factor of 94220096 and 93770?
18754
What is the highest common factor of 2682601 and 65341?
181
Calculate the highest common factor of 2156 and 261982.
14
What is the highest common factor of 343705229 and 13615?
2723
Calculate the greatest common factor of 2267428 and 2116.
4
Calculate the greatest common factor of 2562 and 269698446.
366
What is the highest common factor of 128943446 and 74?
74
Calculate the highest common divisor of 82769792 and 7.
7
Calculate the highest common factor of 2292524 and 2236.
52
Calculate the highest common factor of 42024 and 14246.
34
Calculate the highest common factor of 16033480 and 16.
8
What is the greatest common divisor of 22 and 366916?
22
What is the greatest common factor of 810 and 24635664?
162
What is the greatest common divisor of 72351241 and 651?
31
Calculate the greatest common divisor of 448 and 2091572.
28
What is the greatest common divisor of 390 and 52197366?
78
What is the highest common divisor of 87780 and 944262?
1254
Calculate the highest common factor of 148213 and 3761453.
877
Calculate the greatest common factor of 24 and 14243226.
6
What is the greatest common factor of 21685 and 2335?
5
What is the highest common divisor of 11 and 6712409?
11
Calculate the highest common factor of 7322 and 4132223.
523
Calculate the greatest common factor of 82573228 and 1668.
556
Calculate the highest common divisor of 36 and 25838556.
12
Calculate the highest common divisor of 103 and 28356827.
103
Calculate the highest common divisor of 41630 and 2896.
362
What is the greatest common factor of 10948 and 63177044?
644
What is the greatest common factor of 51759 and 197451?
1917
Calculate the greatest common factor of 22968 and 3632134.
638
What is the greatest common divisor of 305522965 and 4790?
2395
What is the greatest common divisor of 9350 and 3497769550?
9350
What is the highest common factor of 2491959 and 5076690?
2577
Calculate the highest common factor of 135716 and 247590.
1834
What is the highest common factor of 323505 and 14781?
39
Calculate the highest common divisor of 4057155 and 405.
135
Calculate the highest common factor of 1500 and 414720000.
1500
What is the greatest common divisor of 294266508 and 46?
46
Calculate the highest common divisor of 2118 and 25861486.
706
What is the greatest common divisor of 273456623 and 11?
11
Calculate the greatest common divisor of 661996 and 855616.
1844
Calculate the greatest common factor of 214 and 17769490.
214
What is the highest common factor of 3388 and 30245754?
154
Calculate the greatest common divisor of 33 and 168432231.
33
What is the greatest common factor of 1008155 and 169520?
815
Calculate the greatest common factor of 269955 and 656145.
315
Calculate the highest common factor of 555079 and 564387.
179
What is the highest common factor of 98262391 and 1864?
233
What is the highest common divisor of 85 and 4397?
1
What is the greatest common divisor of 6777012 and 726?
66
Calculate the highest common divisor of 30653865 and 66.
33
What is the highest common divisor of 303773 and 2159153?
1819
What is the greatest common factor of 135 and 19790?
5
What is the highest common divisor of 3669260 and 3220?
140
Calculate the highest common divisor of 3900 and 2867800.
1300
Calculate the greatest common factor of 182 and 78441818.
182
Calculate the greatest common factor of 2772 and 5290047.
63
What is the greatest common divisor of 73810 and 4139410?
1210
Calculate the greatest common divisor of 331200 and 156768.
2208
Calculate the greatest common divisor of 8587418 and 287.
7
Calculate the greatest common divisor of 174984 and 2828724.
276
Calculate the greatest common divisor of 1452 and 294626288.
484
What is the greatest common factor of 422671 and 46?
23
What is the highest common divisor of 151772916 and 24608?
3076
What is the highest common divisor of 3243 and 146303?
23
What is the greatest common divisor of 1425 and 106286?
19
What is the greatest common divisor of 26 and 63589474?
26
Calculate the highest common divisor of 1573008 and 240.
48
What is the greatest common factor of 84 and 61288276?
28
What is the highest common divisor of 3556322 and 9002?
14
What is the highest common factor of 8524608 and 145?
29
Calculate the highest common divisor of 420 and 146638170.
210
What is the highest common factor of 48 and 1441712?
16
What is the greatest common divisor of 160 and 168717872?
16
What is the greatest common factor of 152921 and 1147?
37
Calculate the highest common factor of 5042856 and 5488.
56
Calculate the highest common divisor of 2925651 and 6.
3
What is the highest common divisor of 2342 and 885112060?
2342
Calculate the highest common factor of 4590 and 4042872.
918
What is the highest common factor of 256669 and 452547?
37
What is the highest common divisor of 61810476 and 119301?
6279
Calculate the greatest common factor of 6 and 2451658.
2
What is the greatest common factor of 95 and 140239?
19
What is the highest common divisor of 379504606 and 10569?
3523
What is the greatest common factor of 27216 and 4559814?
1134
What is the greatest common factor of 32826351 and 141?
141
What is the greatest common factor of 3614870 and 30?
10
What is the highest common factor of 915 and 105681?
3
Calculate the greatest common fact